m - a*m - 5. What is the tens digit of 14/(4 + -2 + m)?
1
Suppose 0 = -2*r + 152 + 390. What is the tens digit of r?
7
Let y(n) = -10*n - 17. What is the tens digit of y(-7)?
5
Suppose v + 4*v + 2*m = 2, 0 = 3*v - 3*m - 18. Suppose -v*n + 12 = -10. What is the tens digit of n?
1
Suppose -3*y - y + 96 = 4*w, 4*y + w - 84 = 0. What is the units digit of y?
0
Suppose 10 = -y - 5*r, 5*y + 3*r = y - 6. Suppose y = 6*h - h - 20. What is the units digit of h?
4
Let y(f) be the second derivative of f**5/20 - f**4/3 + f**3/6 + f**2/2 - 3*f. Let a = 4 - 0. What is the units digit of y(a)?
5
Let q = -80 + 126. Suppose 6*f - 3*f + 54 = 3*l, 3*l - q = -5*f. Suppose -l = -2*j - 5. What is the units digit of j?
6
Let x = 7 - -4. What is the tens digit of x?
1
Suppose -4*k = -30 - 18. Suppose 0 = 3*s - 5*f - 97, 0*s = -s - f + 19. Suppose -4*t + s = -k. What is the units digit of t?
9
Suppose -h + 5 = -84. What is the units digit of h?
9
Suppose -7*w + 6*w = 0, 4*y + w = -80. What is the units digit of 24/20*y/(-6)?
4
Let g(u) = -18*u**2. Let t be g(1). Let y = 19 - -9. Let n = y + t. What is the tens digit of n?
1
Suppose s + 1 = 2*m, -4*s - 3*m = -0*m - 18. Suppose -1 = 4*c - s*c. What is the units digit of (-3)/6*-14 - c?
8
Suppose 4*a + 3*p - 865 = 0, -2*a + 2*p = 3*p - 435. What is the tens digit of a?
2
Let p = 193 + -28. What is the hundreds digit of p?
1
Suppose 3*i = -i + 8, -5*i = -3*w - 187. What is the units digit of w/(-7) + 3/(-7)?
8
Suppose 0 = -r - 2*v - 4, 0 = 2*r + 3*r - 4*v - 22. Let n be r - (2 - 2) - -21. Suppose -3*m + 1 = -n. What is the units digit of m?
8
Let o = 39 - -9. What is the units digit of o?
8
Let s = 2 - -3. Suppose -s*u = 26 + 14. What is the units digit of ((-4)/u)/(2/8)?
2
Let x be (-1 - 0)/(-1) - -1. Let j be 24/9 - x/3. Let q = j + 3. What is the units digit of q?
5
Let k(w) = w**3 - 6*w**2 - 7*w + 2. Let t be k(7). Suppose -t*u - 2*u - 73 = -5*c, -c + 19 = -3*u. What is the units digit of c?
3
Let v = 1 + 1. Suppose -f = a - 5, 2*a = -2*f - v*a + 16. Suppose 2*l = -f*x - 0*l + 26, -17 = -x - 3*l. What is the units digit of x?
1
Let r(g) = -g + 10. Let u be ((-4)/3)/((-4)/(-18)). Let k = u - -6. What is the tens digit of r(k)?
1
Let c be 18 + (-1 - 1)*1. Let v = c + -11. What is the units digit of v?
5
Let v = -14 - -17. Let w = v + 32. What is the units digit of w?
5
Let x = -24 + 18. What is the units digit of ((-18)/(-4))/((-3)/x)?
9
Let g(v) = -v - 5. Let a be g(-13). What is the units digit of a/3 - 6/9?
2
Let b = -68 + 90. What is the tens digit of b?
2
Suppose 3*u + 0 = 12. Suppose -5*g + 3*z + 50 = 0, -4*z + 8*z + 40 = u*g. Let x = g + -5. What is the units digit of x?
5
Let o(y) = -39*y**3 - y. Let w be o(-1). What is the units digit of 15/(-2)*w/(-25)?
2
Let o = 6 + 2. What is the tens digit of (23/(-2))/(o/(-16))?
2
Let a(n) = n**3 - 5*n**2 + n + 5. Let s be a(5). Suppose 3*x = -3*x + 18. Suppose 0 = x*t - s - 17. What is the units digit of t?
9
Suppose 0 = -9*z + 8*z + 7. Suppose 0 = -4*j - 16, 3*n + 116 = z*n - 2*j. What is the tens digit of n?
2
Suppose -5*q - 32 = 3*q. Let y(d) = -d + 2. Let m be y(4). Let u = m - q. What is the units digit of u?
2
Suppose 5*t = -0*r - 4*r - 13, 0 = -4*t - 4*r - 12. What is the units digit of (14/(-6))/(t/3)?
7
Let s be 2 + 0 + (7 - 8). Suppose -5*q = -6*q + s. What is the units digit of q?
1
Let v(q) = -q**3 + 5*q**2 + 6*q + 5. Let z be v(5). Let f = z - -3. What is the units digit of f?
8
Suppose 5*c = 4*h - 0*h + 99, -h - 58 = -3*c. Suppose 4*j - 13 - c = 0. What is the units digit of j?
8
Let o = -2 + 1. Let w be 14 + 2/(o - -3). Let f = w + -4. What is the tens digit of f?
1
Suppose -3*u = -5 - 16. Suppose -2 - 6 = -2*f, 10 = x + 4*f. Let h = u - x. What is the units digit of h?
3
Let c be 8810/(-55) - (-4)/22. What is the tens digit of c/15*9/(-4)?
2
Suppose 0 = -4*g + 184 + 220. What is the units digit of g?
1
What is the tens digit of -1*120*((-72)/(-16) - 5)?
6
Suppose 5*k - 580 = 4*b, 6*k = k + 3*b + 585. What is the tens digit of k?
2
Let q = 0 + 4. Suppose 0 = -0*u + q*u. Suppose -h = -u*h - 4. What is the units digit of h?
4
What is the tens digit of 57*4/24*2?
1
Let m = -36 - -157. What is the units digit of m?
1
Let s = 5 + -4. What is the units digit of s?
1
Suppose 2*a = -a + 123. What is the tens digit of a?
4
Let r = -9 + 17. Suppose -2*v + r = 2. Suppose -5*d + v = -27. What is the units digit of d?
6
Let l = -20 - -27. What is the units digit of l?
7
Let k(t) = 31*t - 3. What is the units digit of k(2)?
9
Let n(l) = -47*l**3 + 1. Let x be n(-1). Let d = -9 + x. What is the units digit of 3*(d/9 + -3)?
4
Suppose 0 = n - 3*u - 14, 8 = -4*n - 2*u - 2*u. Let t(z) = 12*z - 3. Let r be t(n). Suppose -r = -5*g + 19. What is the units digit of g?
8
Suppose 0*a = -a + 46. What is the units digit of a?
6
Suppose 7*w - 364 = -0*w. What is the tens digit of w?
5
Suppose v - 178 = -v + n, -5*v + 445 = -2*n. What is the units digit of v?
9
Let c be 2/(-1) + 3 + 1. Suppose 1 - 11 = 5*h, -p = c*h. Suppose -t + p*t = 3. What is the units digit of t?
1
Let a = -16 - -18. Suppose v - a*v = 4*g - 67, -g - 4*v = -28. What is the units digit of g?
6
Let z = 8 - -26. Suppose -4*u = -3*j - 2*j + z, -j - 2*u = -4. What is the units digit of j?
6
Suppose -j = 4*j + 10. Let g be 2*(1 - j) - 1. Suppose 16 = g*a - a. What is the units digit of a?
4
Let l be (-6)/(-4) + (-3)/(-2). Suppose l*p = -7 + 22. What is the units digit of p?
5
What is the tens digit of (-3 - -33)/1*(-14)/(-4)?
0
Suppose 0*r + 2*o = -3*r + 501, 0 = -2*o. What is the hundreds digit of r?
1
Suppose w = 3*j - 140, 65 = 2*j + w + 4*w. What is the tens digit of j?
4
Let w(b) = b**3 - 5*b**2 + 4*b + 2. Let h be w(4). Suppose h*c - 4*c = 14. What is the units digit of 0/3 - (c + 1)?
6
Let i(m) = -45*m - 79. What is the tens digit of i(-9)?
2
Let l(n) = 2*n - 7. What is the units digit of l(8)?
9
Let w be 2/9 - 536/(-18). Suppose -2*a = 2*y - w, -3*y = 2*a + 2*y - 21. Suppose 2*c = 16 + a. What is the units digit of c?
7
What is the units digit of -6 - 380/(-65) - (-2786)/26?
7
Suppose -3*w - 21 + 0 = 0. Let r = w - -22. Suppose 3*p + 0*p - 41 = -5*u, -5*u = -5*p + r. What is the units digit of p?
7
Let m(f) = f**2 + 4*f + 14. Let d be m(-7). Let g = d - -1. What is the units digit of g?
6
Let i be 0 - -4 - (0 - 0). Suppose 4*k - 7 = -3. Let n = k + i. What is the units digit of n?
5
Suppose 5*d = 2*d + 1218. Suppose 4*i + 228 = 5*h, -5*i + h + 100 = d. What is the units digit of i/(-4) + (-9)/(-18)?
6
Suppose -4 = -2*t - 0. Suppose 0 = -w + 6 - t. What is the units digit of (20/w)/(1 - 0)?
5
Suppose 5*n - 14 = 1, -b = -5*n + 13. Suppose b*j - 6*j + 84 = 0. What is the tens digit of j?
2
Let z be (-6)/(4 + -6) - -168. Suppose 0 = -5*n + 9 + z. What is the units digit of n?
6
Let w = -35 + 57. What is the units digit of w?
2
Suppose 0 = i + k - 1, 3*i + 1 + 14 = 3*k. Let z(x) = -x**2 + 5*x - 2. Let w be z(3). Let n = w - i. What is the units digit of n?
6
Let o be 51/9 + (-1)/(-3). Let l(c) = -2*c + 3*c - o*c - 1 + 2*c. What is the units digit of l(-1)?
2
Let n = -35 - -17. Let b = -13 + -15. Let r = n - b. What is the tens digit of r?
1
Let f(c) = -c + 12. Let o be f(7). Suppose 2*v - 8 = 2*d + 8, -o*d = v + 16. What is the units digit of v?
4
Let j be (10/(-8))/(13/104). What is the tens digit of (-6 - j) + (1 - -17)?
2
Let l(p) be the first derivative of 3*p**2 - 7*p - 8. What is the tens digit of l(7)?
3
Let h(x) = -3*x + 6. What is the tens digit of h(-7)?
2
Let w = -6 - -8. Let s = w + 2. Let c(f) = f - 3. What is the units digit of c(s)?
1
Let n be (-3)/2*(-8)/6. Suppose -n*x = -0*h + 4*h + 14, 5*h + 5*x + 25 = 0. What is the units digit of 32/12 + h/(-6)?
3
Suppose -2*x + x = 0. Let y = 17 + x. What is the tens digit of y?
1
Suppose -4*w - w = 5. Let u be (1 + w)*1/(-2). Suppose u*t + t = -3*l + 13, 0 = -3*l + 4*t + 38. What is the units digit of l?
6
Let f(x) = x + 1. Let z = -1 - -1. Let i be f(z). Suppose 9 = 5*c - i. What is the units digit of c?
2
Let l(b) = 8*b**2 - 5*b + 8. What is the tens digit of l(4)?
1
Suppose j - 5*v + 22 = 0, -4*v + v = -6. Let a = j + 25. What is the tens digit of a?
1
Suppose -a = 4*a + 25. Let s = a - -10. Suppose 21 = s*g + 2*p - 33, -g = p - 9. What is the tens digit